is divided by 1250.
1041
What is the remainder when 47161 is divided by 530?
521
Calculate the remainder when 24267 is divided by 6.
3
What is the remainder when 635 is divided by 237?
161
Calculate the remainder when 26600 is divided by 1.
0
Calculate the remainder when 78638 is divided by 179.
57
Calculate the remainder when 743266 is divided by 2973.
16
Calculate the remainder when 1378942 is divided by 331.
327
What is the remainder when 125825 is divided by 4839?
11
What is the remainder when 34057 is divided by 3370?
357
What is the remainder when 5083 is divided by 1264?
27
Calculate the remainder when 94976 is divided by 60.
56
Calculate the remainder when 248166 is divided by 463.
461
Calculate the remainder when 16156 is divided by 113.
110
What is the remainder when 68225 is divided by 36?
5
What is the remainder when 18670 is divided by 19?
12
Calculate the remainder when 15503 is divided by 51.
50
What is the remainder when 17792 is divided by 3?
2
What is the remainder when 10628 is divided by 236?
8
Calculate the remainder when 921563 is divided by 36.
35
Calculate the remainder when 21270 is divided by 1252.
1238
Calculate the remainder when 3167 is divided by 242.
21
Calculate the remainder when 1833054 is divided by 892.
886
What is the remainder when 7643 is divided by 323?
214
Calculate the remainder when 443009 is divided by 110752.
1
What is the remainder when 38857 is divided by 11?
5
What is the remainder when 2446341 is divided by 557?
554
What is the remainder when 1445 is divided by 205?
10
What is the remainder when 7158 is divided by 7150?
8
Calculate the remainder when 577 is divided by 282.
13
What is the remainder when 12174 is divided by 4056?
6
Calculate the remainder when 100462 is divided by 158.
132
What is the remainder when 9206 is divided by 423?
323
What is the remainder when 80643 is divided by 662?
541
What is the remainder when 21530 is divided by 729?
389
Calculate the remainder when 93988 is divided by 46988.
12
Calculate the remainder when 199411 is divided by 39881.
6
Calculate the remainder when 843242 is divided by 43.
12
Calculate the remainder when 1178 is divided by 1081.
97
Calculate the remainder when 684 is divided by 178.
150
Calculate the remainder when 40340 is divided by 74.
10
Calculate the remainder when 4230 is divided by 65.
5
Calculate the remainder when 10322 is divided by 220.
202
What is the remainder when 35160 is divided by 434?
6
Calculate the remainder when 9058 is divided by 566.
2
What is the remainder when 1740 is divided by 33?
24
What is the remainder when 964 is divided by 121?
117
What is the remainder when 797 is divided by 700?
97
Calculate the remainder when 11595 is divided by 3864.
3
Calculate the remainder when 9563 is divided by 302.
201
What is the remainder when 5118 is divided by 171?
159
Calculate the remainder when 67154 is divided by 109.
10
What is the remainder when 99110 is divided by 390?
50
What is the remainder when 26997 is divided by 250?
247
Calculate the remainder when 31153 is divided by 56.
17
Calculate the remainder when 76712 is divided by 1166.
922
Calculate the remainder when 379788 is divided by 19.
16
Calculate the remainder when 20058 is divided by 905.
148
What is the remainder when 3191 is divided by 72?
23
What is the remainder when 959 is divided by 104?
23
Calculate the remainder when 3241 is divided by 191.
185
What is the remainder when 11265 is divided by 16?
1
What is the remainder when 1015801 is divided by 1024?
1017
What is the remainder when 38747 is divided by 19334?
79
What is the remainder when 38555 is divided by 677?
643
Calculate the remainder when 249080 is divided by 24.
8
What is the remainder when 835 is divided by 140?
135
What is the remainder when 5814 is divided by 171?
0
Calculate the remainder when 804 is divided by 112.
20
What is the remainder when 9736 is divided by 26?
12
Calculate the remainder when 11552 is divided by 1050.
2
What is the remainder when 394189 is divided by 1460?
1449
What is the remainder when 3082 is divided by 529?
437
What is the remainder when 326987 is divided by 916?
891
Calculate the remainder when 492196 is divided by 139.
136
Calculate the remainder when 950 is divided by 240.
230
What is the remainder when 6638 is divided by 1577?
330
Calculate the remainder when 42753 is divided by 319.
7
What is the remainder when 1394973 is divided by 33?
30
What is the remainder when 1075 is divided by 828?
247
Calculate the remainder when 5366 is divided by 891.
20
Calculate the remainder when 17782 is divided by 22.
6
What is the remainder when 14422 is divided by 4609?
595
Calculate the remainder when 1846 is divided by 209.
174
Calculate the remainder when 77416 is divided by 196.
192
Calculate the remainder when 6254 is divided by 663.
287
What is the remainder when 25853 is divided by 3671?
156
Calculate the remainder when 3306 is divided by 3288.
18
Calculate the remainder when 8267 is divided by 2745.
32
Calculate the remainder when 174165 is divided by 29.
20
What is the remainder when 3814 is divided by 476?
6
Calculate the remainder when 8718 is divided by 20.
18
What is the remainder when 521 is divided by 32?
9
What is the remainder when 858 is divided by 619?
239
What is the remainder when 2404998 is divided by 1850?
1848
What is the remainder when 250472 is divided by 620?
612
Calculate the remainder when 17264 is divided by 493.
9
Calculate the remainder when 77357 is divided by 16.
13
What is the remainder when 332 is divided by 9?
8
Calculate the remainder when 2865 is divided by 10.
5
What is the remainder when 40560 is divided by 427?
422
Calculate the remainder when 3268 is divided by 346.
154
Calculate the remainder when 4730 is divided by 1645.
1440
Calculate the remainder when 1784 is divided by 51.
50
Calculate the remainder when 1131 is divided by 220.
31
Calculate the remainder when 32014 is divided by 37.
9
Calculate the remainder when 7784 is divided by 1488.
344
Calculate the remainder when 5957 is divided by 31.
5
Calculate the remainder when 11016 is divided by 131.
12
Calculate the remainder when 1654796 is divided by 206.
204
What is the remainder when 1305 is divided by 214?
21
What is the remainder when 12739 is divided by 925?
714
Calculate the remainder when 1281 is divided by 1029.
252
What is the remainder when 4317257 is divided by 66?
65
What is the remainder when 8682 is divided by 1383?
384
Calculate the remainder when 111578 is divided by 463.
458
Calculate the remainder when 6957 is divided by 31.
13
Calculate the remainder when 14720 is divided by 78.
56
Calculate the remainder when 577341 is divided by 1157.
1155
Calculate the remainder when 17550 is divided by 128.
14
Calculate the remainder when 121143 is divided by 183.
180
What is the remainder when 248922 is divided by 811?
756
What is the remainder when 1905 is divided by 830?
245
Calculate the remainder when 245429 is divided by 15.
14
Calculate the remainder when 137474 is divided by 1809.
1799
What is the remainder when 1362 is divided by 110?
42
Calculate the remainder when 47699 is divided by 300.
299
What is the remainder when 8237 is divided by 236?
213
What is the remainder when 2310 is divided by 116?
106
What is the remainder when 6321 is divided by 1349?
925
What is the remainder when 479653 is divided by 137?
16
What is the remainder when 18590 is divided by 6196?
2
What is the remainder when 645676 is divided by 137?
132
Calculate the remainder when 236 is divided by 183.
53
What is the remainder when 489 is divided by 62?
55
What is the remainder when 5620 is divided by 2605?
410
Calculate the remainder when 5495 is divided by 1354.
79
Calculate the remainder when 691602 is divided by 98798.
16
What is the remainder when 8142 is divided by 650?
342
Calculate the remainder when 45045 is divided by 45039.
6
Calculate the remainder when 13657 is divided by 91.
7
What is the remainder when 8637 is divided by 30?
27
What is the remainder when 5688 is divided by 472?
24
What is the remainder when 317178 is divided by 105724?
6
Calculate the remainder when 365 is divided by 175.
15
What is the remainder when 108334 is divided by 9?
1
What is the remainder when 58540 is di